) = -6*n**2 - n. Let x be y(-1). Calculate q(x).
-5
Let u(p) be the second derivative of -p**4/12 - 7*p**3/6 - 3*p**2/2 - 6*p. Let s be -7*-4*(-4)/16. Give u(s).
-3
Let r(s) be the third derivative of s**6/120 + s**5/10 + s**4/3 + 7*s**3/6 - 8*s**2. Calculate r(-5).
-8
Let c(j) = 3*j + 5. Let u(a) = 6*a + 5. Let h(m) = -5*m - 4. Let k(q) = 5*h(q) + 4*u(q). Let d(f) = -c(f) - 6*k(f). Give d(4).
7
Let s = 11 + -14. Let u(y) = 3*y - 1. Let d(m) = -4*m + 2. Let i(w) = -2*d(w) - 3*u(w). Calculate i(s).
2
Let o = 3 + -2. Let t(y) = 4*y - 3*y + 5*y - 3*y. What is t(o)?
3
Let w be 4/6 - 112/24. Let d(h) = -h**2 - 2*h + 1. Calculate d(w).
-7
Let w(d) = -2*d - 1. Let u be w(-2). Let f(x) = 3*x - 3*x - x**2 + 4*x + u. What is f(5)?
-2
Suppose -5*h = -2*c + 16, -4*h = -h + 6. Let i(y) be the first derivative of y**4/4 - y**3/3 - y**2 - 3*y + 14. What is i(c)?
9
Let p(t) = -t**3 - 7*t**2 - 12*t - 6. Let c be p(-5). Let o(b) be the first derivative of -b - b**3 + 2 - 3/2*b**2 - 1/4*b**c. What is o(-3)?
8
Let a be -10*(0 - (-6)/(-15)). Let n(g) = 7*g**3 + 2*g**2 + 9*g - 3. Let v(o) = 6*o**3 + o**2 + 8*o - 3. Let u(w) = -5*n(w) + 6*v(w). Give u(a).
9
Let f(m) = m**2 + 2*m - 1. Let g(w) = -5*w**2 - 9*w + 4. Let u(y) = 11*f(y) + 2*g(y). Let r be (-4)/6 - (-21)/(-9). Give u(r).
-6
Let r(u) = 1 - 12*u + 12*u + 8*u**3. Give r(-1).
-7
Let w(l) = l - 3. Let z be w(4). Let h(f) = -13*f + 1. Calculate h(z).
-12
Let p(k) = k - 1. Let c be (12 + -9)*(0 + 1). Suppose -2*r - c - 1 = 0. Determine p(r).
-3
Let q = 3 - -22. Suppose q = -p + 6*p. Let t(k) = 2*k + p - 3*k - 1. Calculate t(-4).
8
Suppose 3*j + 28 = 2*q - j, 5*j + 41 = 4*q. Let x(l) = 2 + 2*l + l - q*l. Give x(5).
-3
Let t(p) = p + 8. Let a be t(-13). Let d(u) = u - 9. Let z(f) = 2*f - 10. Let q(v) = a*z(v) + 6*d(v). Let h be ((-9)/(-2) + -3)*-2. Determine q(h).
8
Suppose 3*r = 2*a - 25, 5*r = 3*a - 2*a - 30. Let f = r - -3. Let o(n) be the second derivative of -n**5/20 + n**3/6 - n**2/2 + 4*n. Determine o(f).
5
Suppose -12 = -5*x + x. Let i(y) = y - y + x*y. Suppose -5*f + 1 - 6 = 0. Calculate i(f).
-3
Let g be -9*(1/3)/(-1). Let n(a) = -g*a + 3*a**2 - a**2 + 2 + 5 - 3*a**2. Let z(h) = -6*h**2 - h. Let c be z(-1). What is n(c)?
-3
Let q(x) = -x + 2. Let f = -3 - -9. Let s be q(f). Let y(t) be the third derivative of -t**5/60 - t**4/6 - t**3 - 2*t**2. Calculate y(s).
-6
Suppose -2*t = 2*t + x - 31, 5*x = -3*t + 2. Let l = t + -10. Let f(y) = 3*y**3 - y**2 - y - 1. What is f(l)?
-4
Let d(i) be the second derivative of -i**5/20 + i**4/3 + i**3/2 - 5*i**2/2 - 25*i. Determine d(4).
7
Let b(u) be the third derivative of -u**4/24 + u**3/6 + 2*u**2. Suppose -3*p = 11 + 1, 0 = -3*h - 5*p - 17. Determine b(h).
0
Suppose -k + 6 - 2 = 0. Let h(m) = m - 3. Determine h(k).
1
Let b(j) = 5*j**3 - 5*j**2 + j - 10. Let h be -2 + (2*6)/(-3). Let d(f) = -f**3 + f**2. Let o(z) = h*d(z) - b(z). Determine o(0).
10
Let o be 24/18 - (-8)/(-6). Let t(x) = x**2 + 6. Determine t(o).
6
Let x(a) be the third derivative of a**6/120 - 7*a**5/60 + a**4/6 + 5*a**3/6 - 39*a**2. Calculate x(6).
-7
Let p(f) = 2*f**2 + 2*f - 1. Let o be p(1). Let b(c) = -1 + c**o + 1. What is b(-1)?
-1
Let l = 4 - 2. Suppose -4*c + 28 = -0*c - 4*t, -3*c = t - 5. Let p(u) = -4*u**2 + 5*u**c + 6*u**2 - 3*u + 2 - 6*u**3. Determine p(l).
-4
Suppose 0 = -2*v - 0*v. Let a = -24 - -25. Let b(t) = v + 2 + 0 - a - t. Give b(-1).
2
Let v(f) be the first derivative of -f**5/10 - f**4/3 - 2*f**3/3 - f**2 - f - 2. Let j(b) be the first derivative of v(b). Give j(-2).
6
Let r = -9 + 5. Let d(x) = -4*x + 4 + 3*x**2 - 4 + x**3. Calculate d(r).
0
Let t(o) = -3*o + 3*o + o + 3 + 0*o. Determine t(-5).
-2
Let s(m) = 7*m + 6. Let l(n) = -4*n - 3. Let y(v) = -5*l(v) - 3*s(v). Give y(5).
-8
Let q(g) = -g**3 + 4*g**2 + 5*g + 5. Let u be q(5). Let a(h) = -3*h - 1. What is a(u)?
-16
Let k(z) = 0 - 20*z + 4 + 44*z + 2*z**2 - 21*z - z**3. Let w(v) = v**2 + 2*v - 4. Let n be w(-4). Let c = n + -1. Calculate k(c).
4
Suppose r = -5, 5*r - 8 = i - 23. Let g(z) = -z**3 - 11*z**2 - 10*z + 3. Give g(i).
3
Let o(v) = -7*v + 16. Let u(r) = r - 1. Let a(z) = o(z) + 6*u(z). Give a(6).
4
Let v(c) = -3 - 2*c + c - 4 + 5. Determine v(0).
-2
Suppose -22 = 4*r - 3*l, -3*r - 10 - 3 = -4*l. Let g = 4 + r. Let p(x) = 2*x**2 + 3*x - 2. Give p(g).
7
Let t(y) = y**3 - y. Let z = 3 - 4. Let x be t(z). Let d(n) = 0*n**2 - n - n**3 - n**2 + x*n**3 + 10. Determine d(0).
10
Let u(i) be the first derivative of i**5/20 + 5*i**4/12 + i**3/2 + i**2 - 3*i - 3. Let l(f) be the first derivative of u(f). Determine l(-4).
6
Suppose -l + 2*z - 4 = 0, -2*l + 0*z - 4*z = -16. Suppose c + 5 = -l*q, -5*q - 2 = c + 3. Let t(u) = -u + 8. Give t(q).
8
Let j(c) = -2*c**2 + c + 2. Let p(l) = l**2 + l + 1. Let m(w) = j(w) + p(w). What is m(5)?
-12
Let n(l) = l**2 - 2*l - 7. Let a be n(5). Let h be a/4 - 6/(-2). Suppose -4*t + h*q = -3*t - 20, 0 = -4*t + 5*q + 5. Let j(r) = r**2 + 4*r + 1. Calculate j(t).
6
Let h(a) = 7*a**3 - 3*a + 11. Let p(g) = -4*g**3 + 2*g - 6. Let x(l) = 3*h(l) + 5*p(l). Determine x(0).
3
Let c(n) = -n**3 + 2*n**2 + 2*n + 4. Let t = -3 + 6. Let b be c(t). Let k(v) = -3*v + v**2 + b - 3 + 4*v. What is k(-2)?
0
Let x = -1 + -3. Let p = x + -1. Let k(d) = d**3 + 6*d**2 + 4*d. Determine k(p).
5
Let n(s) = -7*s**3 - 10*s**2 - s + 1. Let d(g) = 8*g**3 + 11*g**2 + g - 1. Let r(q) = -6*d(q) - 7*n(q). Let p = -9 + 5. Let c = -8 - p. Determine r(c).
-5
Let j(h) = -2*h. Let o be 1*(-4 - -3 - 0). Calculate j(o).
2
Let y(u) be the second derivative of u**8/1344 - u**4/6 + 3*u. Let m(n) be the third derivative of y(n). Suppose 0 = 2*g + 2 - 0. Give m(g).
-5
Let c(m) = 2*m - 6. Let n be ((-2)/5)/((-12)/180). What is c(n)?
6
Let q be ((-6)/(-9))/(2/9). Suppose 0 = -q*o + 4 + 2. Let v(w) = w**2 + w. Determine v(o).
6
Let s(x) be the third derivative of -x**6/120 - x**5/60 + x**4/24 - x**3/6 - x**2. Let u = -4 + 4. Determine s(u).
-1
Let i(g) = -5*g**2 + g + 0*g + 19*g**3 + 4 - 20*g**3. What is i(-5)?
-1
Let t(f) = -f**2 + 5*f + 1. Let a(j) = -1. Let v(w) = -2*a(w) + t(w). Determine v(6).
-3
Let k(f) = -2*f - 15. Let r(i) be the second derivative of -i**3/2 - 11*i**2 + 3*i. Let v(l) = 7*k(l) - 5*r(l). Give v(4).
9
Let s(w) = -2*w**2 - 3*w - 2. Let d be (-5 - -4)/(-1*2/(-6)). Determine s(d).
-11
Let x(t) = 2*t**2 - 5*t + 4. Let j(o) = 2*o**2 - 4*o + 3. Let v(i) = -5*j(i) + 4*x(i). Let z(u) be the first derivative of v(u). Calculate z(1).
-4
Let k(d) = -2*d + 1. Let s be 20/2*(-32)/(-80). Let b(y) = y**2 + y - 5. Let m be b(-5). Suppose -s*t = t - m. What is k(t)?
-5
Let k(y) = -3*y**2 - 5*y - 2. Let o = 62 + -65. What is k(o)?
-14
Let a(t) = t**2 + 0 + 1 - 3*t - 3 - 3*t. Suppose 0 = -2*s - 5*m + 23, 4*s + 8*m = 4*m + 28. Suppose 3*u + s*k + 1 = 0, 0*k + 3*k = 2*u - 22. Calculate a(u).
-7
Let t(i) be the second derivative of -i**5/20 + 5*i**4/12 - 5*i**3/6 - 2*i**2 + 2*i. What is t(4)?
-8
Let c(z) be the second derivative of -4*z + 1/120*z**6 + 0*z**3 + 0 + z**2 + 1/15*z**5 + 1/24*z**4. Let u(q) be the first derivative of c(q). Give u(-4).
-4
Let c = -35 - -37. Let t(i) be the first derivative of -i + 1/3*i**3 - 1/2*i**c - 1. What is t(-1)?
1
Let c = 8 + -3. Suppose -c*h - 8 = -m, 0 = m - 3*h + 8*h - 8. Let n = m + -6. Let w(y) = -y**3 - y**2 + 4*y - 3. Determine w(n).
-7
Let u be 2*(2 - 10/4). Let h(v) = -12*v**2 + 2*v + 2. Let r(n) = -18*n**2 + 3*n + 3. Let f(k) = -8*h(k) + 5*r(k). Determine f(u).
6
Let o(t) = -t**3 + 5*t**2 + 7*t - 8. Let y(p) = p**3 + 13*p**2 - p - 7. Let h be y(-13). What is o(h)?
-2
Let x(v) = v - 11. Let k be (21 + -1)*(0 - 4/(-10)). Give x(k).
-3
Let k(b) = -46*b**2 - 6*b + 5. Let v(j) = -9*j**2 - j + 1. Let m(f) = 2*k(f) - 11*v(f). Determine m(-1).
7
Let v(m) = m**2 + 1. Let j(c) = c**2 + 7*c + 6. Let s be j(-6). Suppose -b + 12 + s = 5*g, -5*g + 14 = 2*b. Calculate v(g).
5
Let h = -7 + 9. Let k(r) = -4*r + h*r + 0*r - 2 + r. Determine k(-1).
-1
Let l(x) = -x + 11. Let f be l(7). Suppose 5 = -f*g - g. Let w(b) = 8*b + 5. Let r(h) = 4*h + 3. Let k(t) = -5*r(t) + 3*w(t). Calculate k(g).
-4
Let s(b) = -4*b**3 + 10*b**2 - 4*b + 7. Let q(v) = v**3 - v**2 + v - 1. Let j(r) = 5*q(r) + s(r). What is j(-5)?
-3
Let f(x) = -5 + 3 + 2 - 3 + 2*x. Suppose 0 = d - 9 - 19. Suppose 5*l + 4 = 4*a - d, 3*l + 18 = 2*a. Determ